{"id":206,"date":"2015-02-23T20:11:54","date_gmt":"2015-02-23T19:11:54","guid":{"rendered":"http:\/\/psgrabownica.brzozow.pl\/?page_id=206"},"modified":"2015-02-23T20:16:54","modified_gmt":"2015-02-23T19:16:54","slug":"po-co-dziecku-przedszkole","status":"publish","type":"page","link":"https:\/\/psgrabownica.brzozow.pl\/?page_id=206","title":{"rendered":"Jak wesprze\u0107 dziecko w adaptacji przedszkolnej"},"content":{"rendered":"<p style=\"text-align: justify;\">Przez kilka kolejnych tygodni dziecko b\u0119dzie mobilizowa\u0142o si\u0142y i zwi\u0119ksza\u0142o czujno\u015b\u0107, by pozna\u0107 i oswoi\u0107 wszelkie nowo\u015bci. A jest ich mn\u00f3stwo! Nowe jest miejsce, inaczej pachnie, s\u0105 inne meble, jedzenie smakuje inaczej ni\u017c w domu. Jest zdecydowanie wi\u0119cej os\u00f3b, s\u0105 dzieci i panie. Trzeba czasami trzyma\u0107 si\u0119 za r\u0105czki i zapyta\u0107, gdy chce si\u0119 wyj\u015b\u0107 do toalety. Tu rz\u0105dz\u0105 inne zasady, czasami bardzo r\u00f3\u017cni\u0105 si\u0119 od tych, kt\u00f3re dziecko zna\u0142o do tej pory. By z tym wszystkim si\u0119 zmierzy\u0107, trzeba wiele energii. Nic dziwnego, \u017ce dziecko jest zm\u0119czone i rozdra\u017cnione wielo\u015bci\u0105 bod\u017ac\u00f3w. To normalne.Tak\u017ce rodzice przechodz\u0105 swoj\u0105 adaptacj\u0119 przedszkoln\u0105. I podobnie jak u dziecka wi\u0105\u017ce si\u0119 ona z prze\u017cywaniem r\u00f3\u017cnych emocji: zadowolenia, zaciekawienia, ale tak\u017ce niepokoju i z\u0142o\u015bci. Jednak do\u015bwiadczenia doros\u0142ych s\u0105 zdecydowanie bogatsze, np. potrafi\u0105 ju\u017c opanowywa\u0107 w\u0142asne wybuchy emocji. Dziecku nie pomaga, gdy widzi p\u0142acz\u0105c\u0105 mam\u0119 lub zdenerwowanego tat\u0119. Lepiej wi\u0119c odreagowa\u0107 po wyj\u015bciu z przedszkola. Wa\u017cne jest tak\u017ce, by nie spieszy\u0107 si\u0119, zar\u00f3wno rano, w drodze do przedszkola, jak i po odebraniu malucha. Przychodzenie na zaj\u0119cia \u201ena czas\u201d tak\u017ce wspiera proces adaptowania si\u0119.To rodzic pokazuje dziecku swoim zachowaniem nastawienie do przedszkola, i tylko wtedy, gdy sam czuje si\u0119 w nim bezpiecznie i z ka\u017cdym dniem coraz bardziej pewnie, daje szans\u0119 maluchowi na zaufanie nowej osobie jak\u0105 jest opiekun grupy. Warto wi\u0119c zadba\u0107 o kontakt z nauczycielk\u0105, wymienia\u0107 informacje na bie\u017c\u0105co i rozmawia\u0107 o trudnych sprawach. Porozumienie os\u00f3b doros\u0142ych daje maluszkowi gwarancj\u0119 bezpiecze\u0144stwa.<\/p>\n","protected":false},"excerpt":{"rendered":"<p>Przez kilka kolejnych tygodni dziecko b\u0119dzie mobilizowa\u0142o si\u0142y i zwi\u0119ksza\u0142o czujno\u015b\u0107, by pozna\u0107 i oswoi\u0107 wszelkie nowo\u015bci. A jest ich mn\u00f3stwo! Nowe jest miejsce, inaczej pachnie, s\u0105 inne meble, jedzenie smakuje inaczej ni\u017c w domu. Jest zdecydowanie wi\u0119cej os\u00f3b, s\u0105 dzieci i panie. Trzeba czasami trzyma\u0107 si\u0119 za r\u0105czki i zapyta\u0107, gdy chce si\u0119 wyj\u015b\u0107 [&hellip;]<\/p>\n","protected":false},"author":3,"featured_media":0,"parent":0,"menu_order":0,"comment_status":"closed","ping_status":"closed","template":"","meta":[],"_links":{"self":[{"href":"https:\/\/psgrabownica.brzozow.pl\/index.php?rest_route=\/wp\/v2\/pages\/206"}],"collection":[{"href":"https:\/\/psgrabownica.brzozow.pl\/index.php?rest_route=\/wp\/v2\/pages"}],"about":[{"href":"https:\/\/psgrabownica.brzozow.pl\/index.php?rest_route=\/wp\/v2\/types\/page"}],"author":[{"embeddable":true,"href":"https:\/\/psgrabownica.brzozow.pl\/index.php?rest_route=\/wp\/v2\/users\/3"}],"replies":[{"embeddable":true,"href":"https:\/\/psgrabownica.brzozow.pl\/index.php?rest_route=%2Fwp%2Fv2%2Fcomments&post=206"}],"version-history":[{"count":3,"href":"https:\/\/psgrabownica.brzozow.pl\/index.php?rest_route=\/wp\/v2\/pages\/206\/revisions"}],"predecessor-version":[{"id":209,"href":"https:\/\/psgrabownica.brzozow.pl\/index.php?rest_route=\/wp\/v2\/pages\/206\/revisions\/209"}],"wp:attachment":[{"href":"https:\/\/psgrabownica.brzozow.pl\/index.php?rest_route=%2Fwp%2Fv2%2Fmedia&parent=206"}],"curies":[{"name":"wp","href":"https:\/\/api.w.org\/{rel}","templated":true}]}}