{"id":15426,"date":"2022-05-12T21:24:00","date_gmt":"2022-05-12T19:24:00","guid":{"rendered":"https:\/\/psgrabownica.brzozow.pl\/?page_id=15426"},"modified":"2022-05-12T21:24:55","modified_gmt":"2022-05-12T19:24:55","slug":"asy-internetu","status":"publish","type":"page","link":"http:\/\/psgrabownica.brzozow.pl\/?page_id=15426","title":{"rendered":"ASY INTERNETU"},"content":{"rendered":"\t\t<div data-elementor-type=\"wp-page\" data-elementor-id=\"15426\" class=\"elementor elementor-15426\">\n\t\t\t\t\t\t\t\t\t<section class=\"elementor-section elementor-top-section elementor-element elementor-element-d52269f elementor-section-boxed elementor-section-height-default elementor-section-height-default\" data-id=\"d52269f\" data-element_type=\"section\">\n\t\t\t\t\t\t<div class=\"elementor-container elementor-column-gap-default\">\n\t\t\t\t\t<div class=\"elementor-column elementor-col-100 elementor-top-column elementor-element elementor-element-d06c7ec\" data-id=\"d06c7ec\" data-element_type=\"column\">\n\t\t\t<div class=\"elementor-widget-wrap elementor-element-populated\">\n\t\t\t\t\t\t\t\t<div class=\"elementor-element elementor-element-92d9992 elementor-invisible elementor-widget elementor-widget-text-editor\" data-id=\"92d9992\" data-element_type=\"widget\" data-settings=\"{&quot;_animation&quot;:&quot;fadeInLeft&quot;}\" data-widget_type=\"text-editor.default\">\n\t\t\t\t<div class=\"elementor-widget-container\">\n\t\t\t<style>\/*! elementor - v3.6.2 - 04-04-2022 *\/\n.elementor-widget-text-editor.elementor-drop-cap-view-stacked .elementor-drop-cap{background-color:#818a91;color:#fff}.elementor-widget-text-editor.elementor-drop-cap-view-framed .elementor-drop-cap{color:#818a91;border:3px solid;background-color:transparent}.elementor-widget-text-editor:not(.elementor-drop-cap-view-default) .elementor-drop-cap{margin-top:8px}.elementor-widget-text-editor:not(.elementor-drop-cap-view-default) .elementor-drop-cap-letter{width:1em;height:1em}.elementor-widget-text-editor .elementor-drop-cap{float:left;text-align:center;line-height:1;font-size:50px}.elementor-widget-text-editor .elementor-drop-cap-letter{display:inline-block}<\/style>\t\t\t\t<h3><em><strong>Grywalizacja- Co wiem o nowych mediach?<\/strong><\/em><\/h3>\t\t\t\t\t\t<\/div>\n\t\t\t\t<\/div>\n\t\t\t\t\t<\/div>\n\t\t<\/div>\n\t\t\t\t\t\t\t<\/div>\n\t\t<\/section>\n\t\t\t\t<section class=\"elementor-section elementor-top-section elementor-element elementor-element-2f65ff1 elementor-section-boxed elementor-section-height-default elementor-section-height-default\" data-id=\"2f65ff1\" data-element_type=\"section\">\n\t\t\t\t\t\t<div class=\"elementor-container elementor-column-gap-default\">\n\t\t\t\t\t<div class=\"elementor-column elementor-col-100 elementor-top-column elementor-element elementor-element-ae4def8\" data-id=\"ae4def8\" data-element_type=\"column\">\n\t\t\t<div class=\"elementor-widget-wrap elementor-element-populated\">\n\t\t\t\t\t\t\t\t<div class=\"elementor-element elementor-element-42d2f58 elementor-widget elementor-widget-text-editor\" data-id=\"42d2f58\" data-element_type=\"widget\" data-widget_type=\"text-editor.default\">\n\t\t\t\t<div class=\"elementor-widget-container\">\n\t\t\t\t\t\t\t<p>Powtarzamy , co wiemy o nowych mediach, internecie, bezpiecze\u0144stwie i emocjach.<\/p>\t\t\t\t\t\t<\/div>\n\t\t\t\t<\/div>\n\t\t\t\t\t<\/div>\n\t\t<\/div>\n\t\t\t\t\t\t\t<\/div>\n\t\t<\/section>\n\t\t\t\t<section class=\"elementor-section elementor-top-section elementor-element elementor-element-995730d elementor-section-boxed elementor-section-height-default elementor-section-height-default\" data-id=\"995730d\" data-element_type=\"section\">\n\t\t\t\t\t\t<div class=\"elementor-container elementor-column-gap-default\">\n\t\t\t\t\t<div class=\"elementor-column elementor-col-100 elementor-top-column elementor-element elementor-element-8e2f8b1\" data-id=\"8e2f8b1\" data-element_type=\"column\">\n\t\t\t<div class=\"elementor-widget-wrap elementor-element-populated\">\n\t\t\t\t\t\t\t\t<div class=\"elementor-element elementor-element-f4fd65c elementor-widget elementor-widget-image-gallery\" data-id=\"f4fd65c\" data-element_type=\"widget\" data-widget_type=\"image-gallery.default\">\n\t\t\t\t<div class=\"elementor-widget-container\">\n\t\t\t<style>\/*! elementor - v3.6.2 - 04-04-2022 *\/\n.elementor-image-gallery .gallery-item{display:inline-block;text-align:center;vertical-align:top;width:100%;max-width:100%;margin:0 auto}.elementor-image-gallery .gallery-item img{margin:0 auto}.elementor-image-gallery .gallery-item .gallery-caption{margin:0}.elementor-image-gallery figure img{display:block}.elementor-image-gallery figure figcaption{width:100%}.gallery-spacing-custom .elementor-image-gallery .gallery-icon{padding:0}@media (min-width:768px){.elementor-image-gallery .gallery-columns-2 .gallery-item{max-width:50%}.elementor-image-gallery .gallery-columns-3 .gallery-item{max-width:33.33%}.elementor-image-gallery .gallery-columns-4 .gallery-item{max-width:25%}.elementor-image-gallery .gallery-columns-5 .gallery-item{max-width:20%}.elementor-image-gallery .gallery-columns-6 .gallery-item{max-width:16.666%}.elementor-image-gallery .gallery-columns-7 .gallery-item{max-width:14.28%}.elementor-image-gallery .gallery-columns-8 .gallery-item{max-width:12.5%}.elementor-image-gallery .gallery-columns-9 .gallery-item{max-width:11.11%}.elementor-image-gallery .gallery-columns-10 .gallery-item{max-width:10%}}@media (min-width:480px) and (max-width:767px){.elementor-image-gallery .gallery.gallery-columns-2 .gallery-item,.elementor-image-gallery .gallery.gallery-columns-3 .gallery-item,.elementor-image-gallery .gallery.gallery-columns-4 .gallery-item,.elementor-image-gallery .gallery.gallery-columns-5 .gallery-item,.elementor-image-gallery .gallery.gallery-columns-6 .gallery-item,.elementor-image-gallery .gallery.gallery-columns-7 .gallery-item,.elementor-image-gallery .gallery.gallery-columns-8 .gallery-item,.elementor-image-gallery .gallery.gallery-columns-9 .gallery-item,.elementor-image-gallery .gallery.gallery-columns-10 .gallery-item{max-width:50%}}@media (max-width:479px){.elementor-image-gallery .gallery.gallery-columns-2 .gallery-item,.elementor-image-gallery .gallery.gallery-columns-3 .gallery-item,.elementor-image-gallery .gallery.gallery-columns-4 .gallery-item,.elementor-image-gallery .gallery.gallery-columns-5 .gallery-item,.elementor-image-gallery .gallery.gallery-columns-6 .gallery-item,.elementor-image-gallery .gallery.gallery-columns-7 .gallery-item,.elementor-image-gallery .gallery.gallery-columns-8 .gallery-item,.elementor-image-gallery .gallery.gallery-columns-9 .gallery-item,.elementor-image-gallery .gallery.gallery-columns-10 .gallery-item{max-width:100%}}<\/style>\t\t<div class=\"elementor-image-gallery\">\n\t\t\t\n\t\t<style type=\"text\/css\">\n\t\t\t#gallery-1 {\n\t\t\t\tmargin: auto;\n\t\t\t}\n\t\t\t#gallery-1 .gallery-item {\n\t\t\t\tfloat: left;\n\t\t\t\tmargin-top: 10px;\n\t\t\t\ttext-align: center;\n\t\t\t\twidth: 25%;\n\t\t\t}\n\t\t\t#gallery-1 img {\n\t\t\t\tborder: 2px solid #cfcfcf;\n\t\t\t}\n\t\t\t#gallery-1 .gallery-caption {\n\t\t\t\tmargin-left: 0;\n\t\t\t}\n\t\t\t\/* see gallery_shortcode() in wp-includes\/media.php *\/\n\t\t<\/style>\n\t\t<div id='gallery-1' class='gallery galleryid-15426 gallery-columns-4 gallery-size-thumbnail'><dl class='gallery-item'>\n\t\t\t<dt class='gallery-icon portrait'>\n\t\t\t\t<a data-elementor-open-lightbox=\"yes\" data-elementor-lightbox-slideshow=\"f4fd65c\" data-elementor-lightbox-title=\"280167624_335396088535164_7427903082289878976_n\" e-action-hash=\"#elementor-action%3Aaction%3Dlightbox%26settings%3DeyJpZCI6MTU0MzAsInVybCI6Imh0dHA6XC9cL3BzZ3JhYm93bmljYS5icnpvem93LnBsXC93cC1jb250ZW50XC91cGxvYWRzXC8yMDIyXC8wNVwvMjgwMTY3NjI0XzMzNTM5NjA4ODUzNTE2NF83NDI3OTAzMDgyMjg5ODc4OTc2X24tc2NhbGVkLmpwZyIsInNsaWRlc2hvdyI6ImY0ZmQ2NWMifQ%3D%3D\" href='http:\/\/psgrabownica.brzozow.pl\/wp-content\/uploads\/2022\/05\/280167624_335396088535164_7427903082289878976_n-scaled.jpg'><img width=\"150\" height=\"157\" src=\"http:\/\/psgrabownica.brzozow.pl\/wp-content\/uploads\/2022\/05\/280167624_335396088535164_7427903082289878976_n-150x157.jpg\" class=\"attachment-thumbnail size-thumbnail\" alt=\"\" loading=\"lazy\" aria-describedby=\"gallery-1-15430\" \/><\/a>\n\t\t\t<\/dt>\n\t\t\t\t<dd class='wp-caption-text gallery-caption' id='gallery-1-15430'>\n\t\t\t\tRoksanka\n\t\t\t\t<\/dd><\/dl><dl class='gallery-item'>\n\t\t\t<dt class='gallery-icon landscape'>\n\t\t\t\t<a data-elementor-open-lightbox=\"yes\" data-elementor-lightbox-slideshow=\"f4fd65c\" data-elementor-lightbox-title=\"280201027_378380164226195_3387827047667461193_n\" e-action-hash=\"#elementor-action%3Aaction%3Dlightbox%26settings%3DeyJpZCI6MTU0MzEsInVybCI6Imh0dHA6XC9cL3BzZ3JhYm93bmljYS5icnpvem93LnBsXC93cC1jb250ZW50XC91cGxvYWRzXC8yMDIyXC8wNVwvMjgwMjAxMDI3XzM3ODM4MDE2NDIyNjE5NV8zMzg3ODI3MDQ3NjY3NDYxMTkzX24tc2NhbGVkLmpwZyIsInNsaWRlc2hvdyI6ImY0ZmQ2NWMifQ%3D%3D\" href='http:\/\/psgrabownica.brzozow.pl\/wp-content\/uploads\/2022\/05\/280201027_378380164226195_3387827047667461193_n-scaled.jpg'><img width=\"150\" height=\"157\" src=\"http:\/\/psgrabownica.brzozow.pl\/wp-content\/uploads\/2022\/05\/280201027_378380164226195_3387827047667461193_n-150x157.jpg\" class=\"attachment-thumbnail size-thumbnail\" alt=\"\" loading=\"lazy\" aria-describedby=\"gallery-1-15431\" \/><\/a>\n\t\t\t<\/dt>\n\t\t\t\t<dd class='wp-caption-text gallery-caption' id='gallery-1-15431'>\n\t\t\t\tMiko\u0142aj i Brajan\n\t\t\t\t<\/dd><\/dl><dl class='gallery-item'>\n\t\t\t<dt class='gallery-icon landscape'>\n\t\t\t\t<a data-elementor-open-lightbox=\"yes\" data-elementor-lightbox-slideshow=\"f4fd65c\" data-elementor-lightbox-title=\"280270007_855879859139151_1732657971795322368_n\" e-action-hash=\"#elementor-action%3Aaction%3Dlightbox%26settings%3DeyJpZCI6MTU0MzMsInVybCI6Imh0dHA6XC9cL3BzZ3JhYm93bmljYS5icnpvem93LnBsXC93cC1jb250ZW50XC91cGxvYWRzXC8yMDIyXC8wNVwvMjgwMjcwMDA3Xzg1NTg3OTg1OTEzOTE1MV8xNzMyNjU3OTcxNzk1MzIyMzY4X24tc2NhbGVkLmpwZyIsInNsaWRlc2hvdyI6ImY0ZmQ2NWMifQ%3D%3D\" href='http:\/\/psgrabownica.brzozow.pl\/wp-content\/uploads\/2022\/05\/280270007_855879859139151_1732657971795322368_n-scaled.jpg'><img width=\"150\" height=\"157\" src=\"http:\/\/psgrabownica.brzozow.pl\/wp-content\/uploads\/2022\/05\/280270007_855879859139151_1732657971795322368_n-150x157.jpg\" class=\"attachment-thumbnail size-thumbnail\" alt=\"\" loading=\"lazy\" aria-describedby=\"gallery-1-15433\" \/><\/a>\n\t\t\t<\/dt>\n\t\t\t\t<dd class='wp-caption-text gallery-caption' id='gallery-1-15433'>\n\t\t\t\tEmotkowy Asik \n\t\t\t\t<\/dd><\/dl><dl class='gallery-item'>\n\t\t\t<dt class='gallery-icon portrait'>\n\t\t\t\t<a data-elementor-open-lightbox=\"yes\" data-elementor-lightbox-slideshow=\"f4fd65c\" data-elementor-lightbox-title=\"280295120_1578026555932810_2194342384243122582_n\" e-action-hash=\"#elementor-action%3Aaction%3Dlightbox%26settings%3DeyJpZCI6MTU0MzQsInVybCI6Imh0dHA6XC9cL3BzZ3JhYm93bmljYS5icnpvem93LnBsXC93cC1jb250ZW50XC91cGxvYWRzXC8yMDIyXC8wNVwvMjgwMjk1MTIwXzE1NzgwMjY1NTU5MzI4MTBfMjE5NDM0MjM4NDI0MzEyMjU4Ml9uLXNjYWxlZC5qcGciLCJzbGlkZXNob3ciOiJmNGZkNjVjIn0%3D\" href='http:\/\/psgrabownica.brzozow.pl\/wp-content\/uploads\/2022\/05\/280295120_1578026555932810_2194342384243122582_n-scaled.jpg'><img width=\"150\" height=\"157\" src=\"http:\/\/psgrabownica.brzozow.pl\/wp-content\/uploads\/2022\/05\/280295120_1578026555932810_2194342384243122582_n-150x157.jpg\" class=\"attachment-thumbnail size-thumbnail\" alt=\"\" loading=\"lazy\" \/><\/a>\n\t\t\t<\/dt><\/dl><br style=\"clear: both\" \/><dl class='gallery-item'>\n\t\t\t<dt class='gallery-icon portrait'>\n\t\t\t\t<a data-elementor-open-lightbox=\"yes\" data-elementor-lightbox-slideshow=\"f4fd65c\" data-elementor-lightbox-title=\"280397535_1614155342283776_6415502138345246676_n\" e-action-hash=\"#elementor-action%3Aaction%3Dlightbox%26settings%3DeyJpZCI6MTU0MzUsInVybCI6Imh0dHA6XC9cL3BzZ3JhYm93bmljYS5icnpvem93LnBsXC93cC1jb250ZW50XC91cGxvYWRzXC8yMDIyXC8wNVwvMjgwMzk3NTM1XzE2MTQxNTUzNDIyODM3NzZfNjQxNTUwMjEzODM0NTI0NjY3Nl9uLXNjYWxlZC5qcGciLCJzbGlkZXNob3ciOiJmNGZkNjVjIn0%3D\" href='http:\/\/psgrabownica.brzozow.pl\/wp-content\/uploads\/2022\/05\/280397535_1614155342283776_6415502138345246676_n-scaled.jpg'><img width=\"150\" height=\"157\" src=\"http:\/\/psgrabownica.brzozow.pl\/wp-content\/uploads\/2022\/05\/280397535_1614155342283776_6415502138345246676_n-150x157.jpg\" class=\"attachment-thumbnail size-thumbnail\" alt=\"\" loading=\"lazy\" aria-describedby=\"gallery-1-15435\" \/><\/a>\n\t\t\t<\/dt>\n\t\t\t\t<dd class='wp-caption-text gallery-caption' id='gallery-1-15435'>\n\t\t\t\tJag\u00f3dka i Hubert\n\t\t\t\t<\/dd><\/dl><dl class='gallery-item'>\n\t\t\t<dt class='gallery-icon portrait'>\n\t\t\t\t<a data-elementor-open-lightbox=\"yes\" data-elementor-lightbox-slideshow=\"f4fd65c\" data-elementor-lightbox-title=\"280718113_775140970147107_2481270176346056159_n\" e-action-hash=\"#elementor-action%3Aaction%3Dlightbox%26settings%3DeyJpZCI6MTU0MzYsInVybCI6Imh0dHA6XC9cL3BzZ3JhYm93bmljYS5icnpvem93LnBsXC93cC1jb250ZW50XC91cGxvYWRzXC8yMDIyXC8wNVwvMjgwNzE4MTEzXzc3NTE0MDk3MDE0NzEwN18yNDgxMjcwMTc2MzQ2MDU2MTU5X24tc2NhbGVkLmpwZyIsInNsaWRlc2hvdyI6ImY0ZmQ2NWMifQ%3D%3D\" href='http:\/\/psgrabownica.brzozow.pl\/wp-content\/uploads\/2022\/05\/280718113_775140970147107_2481270176346056159_n-scaled.jpg'><img width=\"150\" height=\"157\" src=\"http:\/\/psgrabownica.brzozow.pl\/wp-content\/uploads\/2022\/05\/280718113_775140970147107_2481270176346056159_n-150x157.jpg\" class=\"attachment-thumbnail size-thumbnail\" alt=\"\" loading=\"lazy\" aria-describedby=\"gallery-1-15436\" \/><\/a>\n\t\t\t<\/dt>\n\t\t\t\t<dd class='wp-caption-text gallery-caption' id='gallery-1-15436'>\n\t\t\t\tBlanka i Micha\u0142\n\t\t\t\t<\/dd><\/dl>\n\t\t\t<br style='clear: both' \/>\n\t\t<\/div>\n\t\t<\/div>\n\t\t\t\t<\/div>\n\t\t\t\t<\/div>\n\t\t\t\t\t<\/div>\n\t\t<\/div>\n\t\t\t\t\t\t\t<\/div>\n\t\t<\/section>\n\t\t\t\t\t\t\t<\/div>\n\t\t","protected":false},"excerpt":{"rendered":"<p>Grywalizacja- Co wiem o nowych mediach? Powtarzamy , co wiemy o nowych mediach, internecie, bezpiecze\u0144stwie i emocjach. Roksanka Miko\u0142aj i Brajan Emotkowy Asik Jag\u00f3dka i Hubert Blanka i Micha\u0142<\/p>\n","protected":false},"author":3,"featured_media":0,"parent":0,"menu_order":0,"comment_status":"closed","ping_status":"closed","template":"","meta":[],"_links":{"self":[{"href":"http:\/\/psgrabownica.brzozow.pl\/index.php?rest_route=\/wp\/v2\/pages\/15426"}],"collection":[{"href":"http:\/\/psgrabownica.brzozow.pl\/index.php?rest_route=\/wp\/v2\/pages"}],"about":[{"href":"http:\/\/psgrabownica.brzozow.pl\/index.php?rest_route=\/wp\/v2\/types\/page"}],"author":[{"embeddable":true,"href":"http:\/\/psgrabownica.brzozow.pl\/index.php?rest_route=\/wp\/v2\/users\/3"}],"replies":[{"embeddable":true,"href":"http:\/\/psgrabownica.brzozow.pl\/index.php?rest_route=%2Fwp%2Fv2%2Fcomments&post=15426"}],"version-history":[{"count":3,"href":"http:\/\/psgrabownica.brzozow.pl\/index.php?rest_route=\/wp\/v2\/pages\/15426\/revisions"}],"predecessor-version":[{"id":15438,"href":"http:\/\/psgrabownica.brzozow.pl\/index.php?rest_route=\/wp\/v2\/pages\/15426\/revisions\/15438"}],"wp:attachment":[{"href":"http:\/\/psgrabownica.brzozow.pl\/index.php?rest_route=%2Fwp%2Fv2%2Fmedia&parent=15426"}],"curies":[{"name":"wp","href":"https:\/\/api.w.org\/{rel}","templated":true}]}}