{"id":15122,"date":"2021-05-26T17:01:42","date_gmt":"2021-05-26T15:01:42","guid":{"rendered":"http:\/\/psgrabownica.brzozow.pl\/?page_id=15122"},"modified":"2021-05-26T17:01:42","modified_gmt":"2021-05-26T15:01:42","slug":"solidarnosc-podaj-dalej-artykul","status":"publish","type":"page","link":"http:\/\/psgrabownica.brzozow.pl\/?page_id=15122","title":{"rendered":"Solidarno\u015b\u0107. Podaj dalej! &#8211; ARTYKU\u0141"},"content":{"rendered":"<p><a href=\"https:\/\/www.szkolazklasa.org.pl\/pocztowki-z-przekazem-solidarnosci\/\">https:\/\/www.szkolazklasa.org.pl\/pocztowki-z-przekazem-solidarnosci\/<\/a><\/p>\n","protected":false},"excerpt":{"rendered":"<p>https:\/\/www.szkolazklasa.org.pl\/pocztowki-z-przekazem-solidarnosci\/<\/p>\n","protected":false},"author":3,"featured_media":0,"parent":0,"menu_order":0,"comment_status":"closed","ping_status":"closed","template":"","meta":[],"_links":{"self":[{"href":"http:\/\/psgrabownica.brzozow.pl\/index.php?rest_route=\/wp\/v2\/pages\/15122"}],"collection":[{"href":"http:\/\/psgrabownica.brzozow.pl\/index.php?rest_route=\/wp\/v2\/pages"}],"about":[{"href":"http:\/\/psgrabownica.brzozow.pl\/index.php?rest_route=\/wp\/v2\/types\/page"}],"author":[{"embeddable":true,"href":"http:\/\/psgrabownica.brzozow.pl\/index.php?rest_route=\/wp\/v2\/users\/3"}],"replies":[{"embeddable":true,"href":"http:\/\/psgrabownica.brzozow.pl\/index.php?rest_route=%2Fwp%2Fv2%2Fcomments&post=15122"}],"version-history":[{"count":1,"href":"http:\/\/psgrabownica.brzozow.pl\/index.php?rest_route=\/wp\/v2\/pages\/15122\/revisions"}],"predecessor-version":[{"id":15123,"href":"http:\/\/psgrabownica.brzozow.pl\/index.php?rest_route=\/wp\/v2\/pages\/15122\/revisions\/15123"}],"wp:attachment":[{"href":"http:\/\/psgrabownica.brzozow.pl\/index.php?rest_route=%2Fwp%2Fv2%2Fmedia&parent=15122"}],"curies":[{"name":"wp","href":"https:\/\/api.w.org\/{rel}","templated":true}]}}